29, 2618909
What are the prime factors of 1506698635?
5, 13, 59, 6659
List the prime factors of 508253019.
3, 169417673
What are the prime factors of 460304729?
211, 2181539
List the prime factors of 202324206.
2, 3, 7, 419, 11497
What are the prime factors of 203955331?
2539, 80329
List the prime factors of 150410552.
2, 18801319
What are the prime factors of 3907624694?
2, 1953812347
List the prime factors of 356138819.
31, 11488349
What are the prime factors of 345514729?
7, 29, 243149
What are the prime factors of 7306894?
2, 7, 71, 7351
List the prime factors of 615417084.
2, 3, 31, 149, 3701
What are the prime factors of 291960446?
2, 145980223
List the prime factors of 321422967.
3, 35713663
List the prime factors of 118672607.
118672607
What are the prime factors of 2320510734?
2, 3, 42972421
List the prime factors of 27813615.
3, 5, 17, 109073
List the prime factors of 118529869.
683, 173543
What are the prime factors of 745304516?
2, 11, 67, 252817
What are the prime factors of 107693518?
2, 53846759
List the prime factors of 86466418.
2, 43233209
What are the prime factors of 5177727234?
2, 3, 5641, 50993
List the prime factors of 61878573.
3, 19, 31, 1297
What are the prime factors of 143980840?
2, 5, 491, 7331
What are the prime factors of 571487991?
3, 2011, 94727
List the prime factors of 64423247.
7, 67, 137363
List the prime factors of 162215206.
2, 81107603
What are the prime factors of 1630211855?
5, 17, 151, 157, 809
List the prime factors of 1646265498.
2, 3, 71, 3864473
List the prime factors of 4058838385.
5, 7, 787, 147353
What are the prime factors of 4446048879?
3, 17, 23, 421147
What are the prime factors of 36413864?
2, 17, 267749
List the prime factors of 718500605.
5, 41, 277, 12653
What are the prime factors of 6492150644?
2, 7, 6263, 37021
What are the prime factors of 28278834?
2, 3, 4713139
List the prime factors of 310006389.
3, 7, 11, 191717
What are the prime factors of 1924499113?
19, 101289427
List the prime factors of 1061812533.
3, 353937511
What are the prime factors of 49352408?
2, 7, 125899
List the prime factors of 210730962.
2, 3, 13, 2701679
What are the prime factors of 309825697?
17, 59, 308899
What are the prime factors of 325265137?
17341, 18757
List the prime factors of 86165067.
3, 41, 107, 6547
What are the prime factors of 959314896?
2, 3, 17, 29, 13513
What are the prime factors of 4374947173?
59, 67, 1106741
What are the prime factors of 1574050219?
7, 359, 626363
What are the prime factors of 1764281882?
2, 11, 113, 149, 433
What are the prime factors of 32015516?
2, 13, 263, 2341
What are the prime factors of 98346030?
2, 3, 5, 61, 881
List the prime factors of 214423956.
2, 3, 1985407
What are the prime factors of 118339593?
3, 39446531
List the prime factors of 14498701.
7, 47, 127, 347
List the prime factors of 602024639.
43, 14000573
List the prime factors of 55705589.
55705589
What are the prime factors of 646453118?
2, 17, 67, 16693
What are the prime factors of 73862540?
2, 5, 1831, 2017
List the prime factors of 6728169840.
2, 3, 5, 7, 947, 4229
What are the prime factors of 241011931?
67, 3597193
What are the prime factors of 343107108?
2, 3, 1601, 5953
What are the prime factors of 48908151?
3, 1811413
List the prime factors of 64248025.
5, 19, 41, 3299
What are the prime factors of 219733512?
2, 3, 313, 29251
What are the prime factors of 1464201465?
3, 5, 19, 1597, 3217
What are the prime factors of 78120684?
2, 3, 163, 13313
List the prime factors of 551895903.
3, 13, 1572353
What are the prime factors of 722637942?
2, 3, 13, 9264589
List the prime factors of 81560998.
2, 40780499
What are the prime factors of 70250085?
3, 5, 19273
List the prime factors of 426343651.
31, 13753021
List the prime factors of 5054573423.
5054573423
What are the prime factors of 616234461?
3, 31, 6626177
List the prime factors of 681570781.
24509, 27809
List the prime factors of 259851255.
3, 5, 1571, 11027
List the prime factors of 1591703192.
2, 127, 1566637
List the prime factors of 38343028.
2, 67, 173, 827
What are the prime factors of 425229878?
2, 212614939
What are the prime factors of 232244848?
2, 11, 311, 4243
List the prime factors of 35351716.
2, 8837929
List the prime factors of 6096458537.
13, 2459, 190711
List the prime factors of 1457187054.
2, 3, 31, 271, 28909
What are the prime factors of 24266112?
2, 3, 13, 4861
What are the prime factors of 629839417?
19, 41, 808523
List the prime factors of 1337141068.
2, 334285267
List the prime factors of 1218568.
2, 13, 11717
List the prime factors of 4962347781.
3, 19, 87058733
List the prime factors of 257566847.
17, 103, 147097
What are the prime factors of 99497849?
11, 839, 10781
List the prime factors of 5478983321.
7, 782711903
List the prime factors of 113882474.
2, 83, 686039
List the prime factors of 95559665.
5, 19111933
What are the prime factors of 253591639?
7, 36227377
What are the prime factors of 228592077?
3, 7, 10885337
What are the prime factors of 2127208249?
17, 125129897
List the prime factors of 36426530.
2, 5, 7, 520379
What are the prime factors of 16113444?
2, 3, 19, 29, 2437
List the prime factors of 75771410.
2, 5, 11, 13, 4817
What are the prime factors of 439548936?
2, 3, 18314539
What are the prime factors of 2247614832?
2, 3, 23, 263, 7741
What are the prime factors of 100040358?
2, 3, 11, 19, 79777
List the prime factors of 135164149.
439, 307891
List the prime factors of 8225494.
2, 53, 73, 1063
What are the prime factors of 6812600818?
2, 17579, 193771
What are the prime factors of 152680709?
152680709
List the prime factors of 618719950.
2, 5, 61, 202859
What are the prime factors of 94934396?
2, 23733599
List the prime factors of 356996828.
2, 89249207
List the prime factors of 451448129.
11, 61, 672799
What are the prime factors of 4449528955?
5, 59, 15083149
List the prime factors of 323985024.
2, 3, 11, 37, 691
List the prime factors of 720768496.
2, 7, 19, 338707
List the prime factors of 515729460.
2, 3, 5, 23, 373717
What are the prime factors of 311859843?
3, 9689, 10729
List the prime factors of 71564290.
2, 5, 7, 37, 27631
What are the prime factors of 2832570?
2, 3, 5, 13, 269
List the prime factors of 417381368.
2, 23, 2268377
List the prime factors of 6527949.
3, 17, 31, 4129
What are the prime factors of 107789170?
2, 5, 31, 347707
List the prime factors of 16386906.
2, 3, 173, 15787
What are the prime factors of 117129156?
2, 3, 23, 347, 1223
List the prime factors of 2026331430.
2, 3, 5, 31, 199, 10949
List the prime factors of 2884246.
2, 23, 62701
What are the prime factors of 584055138?
2, 3, 37, 2630879
What are the prime factors of 30643501?
7, 89, 101, 487
List the prime factors of 153719072.
2, 13, 59, 6263
What are the prime factors of 3452975608?
2, 79, 5463569
List the prime factors of 1218450668.
2, 23, 101, 131129
What are the prime factors of 30699353?
313, 98081
List the prime factors of 1044912683.
523, 1997921
What are the prime factors of 520920496?
2, 257, 126683
What are the prime factors of 45453132?
2, 3, 1262587
List the prime factors of 158920822.
2, 137, 619, 937
What are the prime factors of 3318540105?
3, 5, 937, 236111
What are the prime factors of 147887204?
2, 36971801
What are the prime factors of 1861220180?
2, 5, 17, 571, 9587
What are the prime factors of 11085671?
619, 17909
What are the prime factors of 13414528?
2, 104801
List the prime factors of 210030699.
3, 17, 103, 39983
List the prime factors of 794821575.
3, 5, 1567, 6763
List the prime factors of 409629095.
5, 81925819
List the prime factors of 29759097.
3, 2339, 4241
What are the prime factors of 97883980?
2, 5, 89, 127, 433
What are the prime factors of 125256095?
5, 25051219
List the prime factors of 149603184.
2, 3, 83, 12517
List the prime factors of 174034055.
5, 13, 2677447
List the prime factors of 7166341406.
2, 7, 71, 7209599
List the prime factors of 4738602656.
2, 148081333
What are the prime factors of 38186981?
7, 17, 320899
List the prime factors of 3127786419.
3, 1042595473
What are the prime factors of 1328055601?
1328055601
What are the prime factors of 52990741?
52990741
List the prime factors of 303741947.
9337, 32531
What are the prime factors of 922522200?
2, 3, 